se 8, what is 12021512 - 27?
12021463
In base 7, what is -14243630654 + -4?
-14243630661
In base 16, what is -38113 + -3?
-38116
In base 7, what is 4252 - -1330?
5612
In base 11, what is -1 - -109281592?
109281591
In base 9, what is 5 + -7315860?
-7315854
In base 5, what is -3 - 1442434030?
-1442434033
In base 12, what is 6032 + -2837?
33b7
In base 13, what is 3b5ac2b2 + -2?
3b5ac2b0
In base 9, what is -1770412 - 1388?
-1771811
In base 7, what is 21651151 + 3?
21651154
In base 15, what is 51c65de + 0?
51c65de
In base 15, what is 0 - 1b6a872?
-1b6a872
In base 5, what is 10 - 420443103011?
-420443103001
In base 6, what is -2045345014 - -20?
-2045344554
In base 6, what is -124044 - 3433?
-131521
In base 15, what is 26521 + 3d5?
26906
In base 9, what is 648 + 16683?
17442
In base 2, what is -1101 + 1001111000100110011?
1001111000100100110
In base 15, what is -3841 + 63?
-37cd
In base 2, what is -110000100101100101101011001 + -11?
-110000100101100101101011100
In base 7, what is 356 + -116312?
-115623
In base 7, what is 2053 + 1156?
3242
In base 4, what is 32312 - -103111333?
103210311
In base 6, what is -124 + -15445451?
-15450015
In base 10, what is -207322 + 15?
-207307
In base 5, what is -133111002 - 42?
-133111044
In base 3, what is -22021 - 112121002012?
-112121101110
In base 5, what is 13 - -143240221341?
143240221404
In base 8, what is -56471 + -4441?
-63132
In base 4, what is 22230 + 113132010?
113220300
In base 2, what is 1110 - -1111011101101110?
1111011101111100
In base 2, what is -10001 + -101101110001100?
-101101110011101
In base 3, what is 2001010002111122 + -2?
2001010002111120
In base 2, what is -101111101000100010 + 10011?
-101111101000001111
In base 14, what is -234288 - -d?
-234279
In base 12, what is 237 + 13603?
1383a
In base 16, what is -1f1c7 - -8f?
-1f138
In base 2, what is -10 + -1011100000110001011000?
-1011100000110001011010
In base 3, what is 2 - -2100012122010111?
2100012122010120
In base 8, what is 3 + 1217165737?
1217165742
In base 3, what is -2201110202 - -2111?
-2201101021
In base 4, what is -100210 - 312101333?
-312202203
In base 5, what is 42043301023 + 1?
42043301024
In base 11, what is -1a204907 - 0?
-1a204907
In base 12, what is 1a720 + -40?
1a6a0
In base 15, what is -2945e - -29?
-29435
In base 4, what is -2120222 + 1230331?
-223231
In base 7, what is 3256553161 + -1?
3256553160
In base 14, what is a2d + -1c7c?
-124d
In base 8, what is 5 + -266163413?
-266163406
In base 15, what is 1ac9 + -4e?
1a7a
In base 3, what is 110010 - -2000000202?
2000110212
In base 14, what is 19 + -5b654?
-5b639
In base 8, what is -224 - 12700?
-13124
In base 12, what is -277b7 - -1877?
-25b40
In base 9, what is -42 - -33732454?
33732412
In base 10, what is -569197 + 21?
-569176
In base 14, what is 5 + -15c74dd3?
-15c74dcc
In base 7, what is -5226554 + 23?
-5226531
In base 2, what is 11100001 - 1001111011000111111?
-1001111010101011110
In base 6, what is 3205150 + -211?
3204535
In base 13, what is -4b42b184 + -2?
-4b42b186
In base 16, what is 16 - ea06?
-e9f0
In base 16, what is -34 + 357b89?
357b55
In base 3, what is -2 + 100201120121122221?
100201120121122212
In base 11, what is -10818 - 27?
-10844
In base 15, what is 107e4c4 - 13?
107e4b1
In base 6, what is -113435013 + 2351?
-113432222
In base 7, what is -133020113 - -11?
-133020102
In base 14, what is -468 - -1787b?
17413
In base 3, what is 10021201000 - -10201?
10021211201
In base 8, what is 426 + 5165577?
5166225
In base 14, what is -67 - -a3a7b6?
a3a74d
In base 9, what is 10358 + 1131?
11500
In base 13, what is 109 - -19061?
1916a
In base 11, what is -4a522 + 2a30?
-475a2
In base 3, what is -1 + -10101222110010100?
-10101222110010101
In base 14, what is -b53bb2b + -4?
-b53bb31
In base 11, what is -81aa + -1845?
-9a44
In base 16, what is dde - -10c?
eea
In base 16, what is 373743b6 + 5?
373743bb
In base 8, what is 35 - -1760001?
1760036
In base 16, what is -1524869 + 4?
-1524865
In base 9, what is 12317556 - -4?
12317561
In base 11, what is -2 - 40004952?
-40004954
In base 8, what is 4 - 76242210?
-76242204
In base 4, what is 33122332003 - 1?
33122332002
In base 10, what is 422 - 98214?
-97792
In base 9, what is 12 - 2301416?
-2301404
In base 5, what is 4101334211433 - -2?
4101334211440
In base 8, what is 546 + -324104?
-323336
In base 14, what is -5 + 92ab397?
92ab392
In base 12, what is 10 - -97ba7?
97bb7
In base 15, what is -e0da - -bd?
-e01c
In base 6, what is -2 - 35554252?
-35554254
In base 5, what is -40132 + 22204?
-12423
In base 2, what is 11111101000 + 1000100111000?
1100100100000
In base 4, what is 11323010230003 - 11?
11323010223332
In base 15, what is -2 + -7cc34e?
-7cc351
In base 5, what is -3222114114322 + 4?
-3222114114313
In base 16, what is -2ae946e + -9?
-2ae9477
In base 14, what is 1ccbb + -17?
1cca4
In base 4, what is -31020113 - 301?
-31021020
In base 6, what is -11344 - 3443545?
-3455333
In base 15, what is -96bccc - -45?
-96bc87
In base 2, what is -11000100100111 - -10001010101110?
-111001111001
In base 14, what is -3510333 - -3?
-3510330
In base 13, what is -24 - -a8ccb9?
a8cc95
In base 12, what is -31a11 + 189?
-31844
In base 12, what is -5 - 391b174?
-391b179
In base 15, what is 3bc + 48db1?
4927d
In base 8, what is 117567027 - 0?
117567027
In base 15, what is 45 - 4ad8?
-4a93
In base 11, what is 990 - -31951?
32831
In base 8, what is 113 - -1167755?
1170070
In base 12, what is 12563 + -267?
122b8
In base 7, what is 2 - -453063653?
453063655
In base 8, what is 6310674 - 11?
6310663
In base 13, what is b5 + -73c2c?
-73b47
In base 14, what is 2085 - -9b?
2142
In base 3, what is 122101000021 - 200222?
122100022022
In base 11, what is -30847 + 1611?
-2a236
In base 15, what is -2 + -246a170?
-246a172
In base 4, what is -313201300 - 202?
-313202102
In base 16, what is -10b8407 - -1?
-10b8406
In base 9, what is -1 - -1847858?
1847857
In base 5, what is -2 + 2200212004?
2200212002
In base 7, what is -25455513 + -32?
-25455545
In base 9, what is -17284 + -6636?
-25031
In base 7, what is -4 - -16445431?
16445424
In base 13, what is 1515428 - -88?
15154b3
In base 5, what is -4 - 3014010110?
-3014010114
In base 16, what is 8a + -126d9?
-1264f
In base 14, what is 136 + -19467c?
-194546
In base 11, what is -6233607 + -3?
-623360a
In base 7, what is -4 - -3626136004?
3626136000
In base 4, what is -10 - -132013320012?
132013320002
In base 10, what is 4676065 + 5?
4676070
In base 15, what is 6c - -181ae?
1822b
In base 14, what is 1 + 75a986?
75a987
In base 10, what is 55 - -4450075?
4450130
In base 8, what is 1010270 + -17?
1010251
In base 7, what is 103366415 - -5?
103366423
In base 7, what is 11550343 + -1344?
11545666
In base 15, what is -1ccbd - -9d?
-1cc20
In base 15, what is 32b78a + 5?
32b790
In base 14, what is 761a8b + -16?
761a75
In base 16, what is -47375ab - 1?
-47375ac
In base 2, what is 1011111000011111 - 1010110?
1011110111001001
In base 10, what is 33055 + -119?
32936
In base 6, what is -15320 - 24212?
-43532
In base 10, what is 129 + 1332298?
1332427
In base 9, what is 8462 + 8646?
18218
In base 8, what is 2106564037 + 1?
2106564040
In base 3, what is -1011222200101 + -20?
-1011222200121
In base 13, what is 0 - -64a16cb?
64a16cb
In base 10, what is 9 + -1734726?
-1734717
In base 11, what is -1 - 6248a27?
-6248a28
In base 7, what is -112036 - 243?
-112312
In base 8, what is -465574 - 430?
-466224
In base 8, what is -4212356 + -250?
-4212626
In base 9, what is 3 - 2566320?
-2566316
In base 3, what is -11 - 12110010000122021?
-12110010000122102
In base 5, what is 100 + -314212011?
-314211411
In base 6, what is 105532441 + 4?
105532445
In base 11, what is 1141 + 3108?
4249
In base 5, what is -1041 + 1134422031?
1134420440
In base 13, what is -1535 - cc02b?
-100563
In base 9, what is 2875431375 - -2?
2875431377
In base 10, what is -18169 - -943?
-17226
In base 8, what is 151 + -4642?
-4471
In base 2, what is 11111111000110111100011101 + -11?
11111111000110111100011010
In base 16, what is -3f + 394e?
390f
In base 6, what is 0 - -545113403?
545113403
In base 15, what is -13a9 + 25b?
-114d
In base 4, what is 31012201122 - 1100?
31012200022
In base 3, what is 100200222 - -211?
100201210
In base 13, what is -2020b + 233?
-1cca8
In base 13, what is -398 - 